What is the tens digit of q?
1
Let k(v) = v**3 + 3*v**2. Let t be k(-2). Suppose 2*g + 0*g = t*w - 12, 7 = 3*w - 2*g. What is the units digit of w?
5
Let i = 5 + -4. What is the tens digit of 7 - i*6/(-2)?
1
Suppose -4*i = 2*t + 18, 0*t = 4*t + 3*i + 41. Let y = t + 35. What is the units digit of y?
4
Suppose 0*m + 4*m - 20 = 0. Suppose 4*x + 2*k = 62, 8 - 59 = -2*x - m*k. What is the units digit of x?
3
Suppose 3*g - 12 = 2*g. Let l be (-70)/g - (-5)/(-30). What is the units digit of (1 + -4 - l) + 0?
3
Let s be (-2)/(-4) + (-14)/(-4). Suppose 0 = -4*a + 4, s*b - 67 = -a + 2*a. What is the tens digit of b?
1
Let a(d) = d**3 - 4*d**2 + d + 5. What is the units digit of a(4)?
9
Suppose 3*l = 5*l - 8. Suppose -r + 2*p = l*r - 65, -5*r = -4*p - 55. What is the tens digit of r?
1
Let i(o) = 19*o**2 + 2*o + 1. What is the tens digit of i(-1)?
1
Let z = 14 + 3. Suppose -8 = -4*f, 3*f + z = 3*r - 10. What is the units digit of r?
1
Suppose -176 = -3*c - 14. What is the tens digit of c?
5
Let c(j) = -10*j**3 + j**2 - 1. Let f be c(1). Let m(r) = r**3 + 9*r**2 - 11*r + 10. What is the units digit of m(f)?
0
Suppose -5*z + 67 = -333. What is the tens digit of z?
8
Suppose 49 = 4*x + 3*q, -2*x + 2*q + 2 + 26 = 0. What is the units digit of x?
3
Let t(u) = u**2 - 7*u + 2. Suppose 2*m - 28 = -2*m. Let b be t(m). Suppose 0 = -b*l + 5*l - 57. What is the units digit of l?
9
Let z(w) = -6*w + 5*w**2 - 1 - 2*w**2 - 4*w**2. What is the units digit of z(-5)?
4
Suppose o - 1 + 4 = 0. What is the units digit of 1 - o - (-2 - -1)?
5
Let q = -58 - -108. What is the units digit of q?
0
Let v be (-2 - -29)/(-3) - -3. Let k be 2*(v + 3 - -5). Suppose k*c - 21 - 15 = 0. What is the units digit of c?
9
Let l = 41 + -13. What is the tens digit of l?
2
Let n = 1 + -3. Let c be (-42)/(-4) + (-30)/12. What is the units digit of (28/c)/(n/(-4))?
7
What is the tens digit of 2/(-16) + 845/40?
2
Let f(z) = -2*z**2 + 10 + 3*z**2 + 2*z + 7*z. Let y be f(-8). Suppose -y*a = -a - 1. What is the units digit of a?
1
Let k be -3 - (-3 + 2 + 3). Let x = k + 12. What is the units digit of x?
7
Let h(i) be the third derivative of -i**4/12 - i**3/6 - 2*i**2. What is the tens digit of h(-6)?
1
Suppose -d + 58 = -27. Suppose -d = -3*b - 2*b. What is the units digit of b?
7
Let s(x) = -5 - 4*x**2 + 3*x**2 - 10*x + 1. Let q(t) = -2*t - 3. Let f be q(3). What is the units digit of s(f)?
5
Let q = 22 + -17. Suppose -q*g + h = -122, -2*g + 4*g - 62 = -4*h. What is the tens digit of g?
2
Let u(i) = 21*i + 4. What is the units digit of u(8)?
2
Let k(f) = -4 + 3 - f - 4. Let c be k(-7). Suppose 0*s = -s + c. What is the units digit of s?
2
Let p = -26 + 68. What is the units digit of p?
2
Let j(x) = x**2 + 3*x + 4. Let q be j(-4). Let r = -16 + q. Let u = 0 - r. What is the units digit of u?
8
Let v(c) = c + 5. Let n be v(0). Suppose 59 = n*j + 19. Suppose -y + j = -7. What is the tens digit of y?
1
Suppose 9 - 84 = -5*z. What is the units digit of (-6)/15 + 246/z?
6
Let p = 8 - 7. Let j(z) = z**3 + z**2 - z. Let v(s) = -s**3 - 10*s**2 + 2*s + 11. Let i(y) = p*v(y) + 2*j(y). What is the units digit of i(8)?
1
Let j(g) = -2*g + 8. Let i be j(8). Let k = i + 9. What is the units digit of k?
1
Let g(d) = 3*d**2 - 7*d - 6. Let u(n) = 10*n**2 - 20*n - 18. Let z(v) = -7*g(v) + 2*u(v). What is the units digit of z(9)?
6
Suppose -4*u = -0*u - 16. What is the units digit of 4 + -2 + 1 + u?
7
Suppose 0*j - j + 2 = 0. Suppose 0*a + 2*k = 2*a - 6, 1 = a - j*k. What is the units digit of a?
5
Let i(z) = -16*z + 3. What is the tens digit of i(-2)?
3
Suppose 0 = -0*f + 3*f + 33. Let j = 2 + -8. Let a = j - f. What is the units digit of a?
5
Let v = -12 + 14. Suppose h = -3*z + 4*h + 9, 3*z = 4*h + 12. Suppose v = l - z. What is the units digit of l?
2
Let p be (1*(1 + 0))/(-1). Let r = p - -8. What is the units digit of r?
7
What is the units digit of 0 + 7 - (11 + -9)?
5
Suppose -h - 2*z = 2*h + 23, 4*z = 4*h + 44. Let c be h/(-1) + 1/(-1). What is the units digit of ((-36)/16)/((-2)/c)?
9
Let g(h) = h**2 - 2. Let d be g(2). Let u(b) = b - 2*b + d*b + 10. What is the units digit of u(-7)?
3
Suppose 4*h = 4*w + w - 473, -10 = 5*h. What is the tens digit of w?
9
Let i(y) = y**2 + 2. Let q be i(2). Suppose -g + 4*k = -16, -5*g + 3*k - 6*k - 35 = 0. Let b = q + g. What is the units digit of b?
2
What is the tens digit of (-6)/8 - 690/(-24)?
2
Suppose -4*n + 1305 = n. What is the tens digit of n?
6
Let c(z) = z**3 - 10*z**2 + z - 13. Let v be c(10). Let b be (-66)/(v/(-12) - 0). What is the tens digit of b/(-16) - 2/(-4)?
1
Let u(m) = 5*m**2 - m + 2. Let v(t) = -14*t**2 + 3*t - 6. Let w(y) = 17*u(y) + 6*v(y). What is the tens digit of w(3)?
1
What is the units digit of 2*(-2)/((-8)/12)?
6
Let j = -23 + 45. Suppose -j = -n - n. What is the units digit of n?
1
Let a = -4 + 10. Let g be (3/a)/(3/18). Suppose -v + 40 = g*v. What is the tens digit of v?
1
Let n = 102 - 41. What is the units digit of n?
1
What is the units digit of ((-3)/(-4))/(7/168)*11?
8
Let s be (-2 + 3)*-1*1. What is the tens digit of (-1)/(s/22*2)?
1
Let y(s) = -8*s - 10. What is the units digit of y(-4)?
2
Suppose -3*k + 77 = d, 4*k = -3*d + 43 + 198. What is the units digit of d?
3
Let m(r) = r**2 + 4*r + 15. What is the units digit of m(6)?
5
Let g(x) = -6*x - 10. What is the tens digit of g(-5)?
2
Suppose -5 - 7 = -4*p. Suppose 3*c - 4*i - 9 = 0, 3*i = 6 + p. What is the units digit of c?
7
What is the tens digit of ((-1)/2)/(482/(-160) + 3)?
4
Suppose -5*t + 340 = -l - 3*l, 5*l + 420 = 5*t. Let m = -51 - l. Let b = 41 - m. What is the units digit of b?
2
What is the units digit of ((-2)/6)/((-2)/270) - 2?
3
Let u = -3 - 13. Let d = u + 27. What is the tens digit of d?
1
Let v(o) be the second derivative of -37*o**3/6 - o**2/2 - 6*o. What is the units digit of v(-1)?
6
Let w(l) = -7*l**3 - l**2 + 4*l + 6. What is the tens digit of w(-2)?
5
Suppose 8*h - 336 = 5*h. What is the hundreds digit of h?
1
Let y = 13 - 13. Suppose y = 3*z - 2*z + 2*j + 7, -20 = 4*j. What is the units digit of z?
3
Suppose -m = -32 - 12. What is the units digit of m?
4
Suppose -8*j + 3*j = -5*a + 65, 48 = 4*a - 2*j. Let i = a + 3. What is the units digit of (-40)/i*(-56)/16?
0
Suppose 81 = 3*d - 3*r, -2*r = -2*d - 3*r + 45. What is the units digit of d?
4
What is the hundreds digit of -1*((-245)/2 + 2/(-4))?
1
Let v(f) = f**3 - 4*f**2 - 8*f + 5. Suppose u = 4*u - 18. Let r be v(u). Let t = r + -21. What is the units digit of t?
8
What is the tens digit of (3*(3 - 22))/(-1)?
5
Suppose 3*u + x = 59 + 208, -182 = -2*u - 2*x. What is the units digit of u?
8
Let y be (-3)/4 - (-27)/4. Let g be y/(-15) - (-26)/(-10). Let v = g - -22. What is the tens digit of v?
1
Let i(h) be the second derivative of h**4/12 - h**3/2 + h**2 - 2*h. Let d(m) = -m + 2. Let a be d(-2). What is the units digit of i(a)?
6
Let h(g) = 2*g**2 + g - 1. Suppose -4*s + 2*a + 2 = 0, 4*a - a - 7 = -4*s. What is the units digit of h(s)?
2
Suppose 5*n = 2*n + 51. What is the tens digit of n?
1
Let l = -9 + 27. What is the units digit of l?
8
Let t = -6 - -21. Let r = t - 12. What is the units digit of r?
3
Let w be ((-6)/12)/(2/(-20)). Let j be 1/((-6)/(-8))*3. Suppose q + 5 = y + 2*y, w*y = j*q - 1. What is the units digit of y?
3
Let j(c) = c - 2. Suppose 0 = -k - 4, -21 + 1 = -2*z + 3*k. What is the units digit of j(z)?
2
Let d = -4 + 2. Let y(h) = -h**3 - h**2 - 2*h - 1. What is the units digit of y(d)?
7
Let t(o) be the first derivative of -o**4/24 - 2*o**3/3 - 2*o**2 + 1. Let r(i) be the second derivative of t(i). What is the units digit of r(-5)?
1
Let o be (-12)/(-54) - 50/(-18). Suppose -5*x = -o*f - 0 + 11, 4*f - 6 = -2*x. What is the tens digit of (1 + -14)*f/(-2)?
1
Let y(o) = 20*o + 2. What is the tens digit of y(1)?
2
Let j = -18 + 11. What is the units digit of 4/6 - j/3?
3
Let t(x) be the second derivative of -x**5/4 + x**4/12 - x**2/2 - 2*x. Let b = -7 + 6. What is the units digit of t(b)?
5
Let o = -3 + 7. Suppose o*g - 2*g - 3*q = -44, -5*q - 60 = 5*g. What is the units digit of 3/(-2)*g/6?
4
Let r be (-1)/1*(2 + -5). Suppose -5*y + 37 = -2*y - 4*b, 0 = 5*y - 2*b - 43. Suppose v + r = y. What is the units digit of v?
4
Let s = -4 - -5. Let k(v) = -s + v - 3 + 0. What is the units digit o